-3022400?
3021230
In base 6, what is -5 - -30304514441?
30304514432
In base 14, what is 2c263 - -2a7?
2c52a
In base 4, what is -20 - -101012230101?
101012230021
In base 10, what is -2 - -31142264?
31142262
In base 8, what is -216065 + -124?
-216211
In base 9, what is 363 + -2470?
-2106
In base 14, what is -18 + -23d87b?
-23d895
In base 5, what is 1 + -304300310421?
-304300310420
In base 15, what is 39 - -1897b?
189b5
In base 15, what is -46bd3 + -1?
-46bd4
In base 6, what is -11 - 133?
-144
In base 15, what is 165 + 192e?
1a94
In base 13, what is 29 + 18175cb?
1817627
In base 4, what is -10332013002033 - -1?
-10332013002032
In base 12, what is 1 - -577020b?
5770210
In base 4, what is 2011 + 11222113?
11230130
In base 5, what is -134333243 + -4?
-134333302
In base 4, what is 323303 - 33312310?
-32323001
In base 12, what is -6 + 378057?
378051
In base 3, what is -22022011021 + 1202?
-22022002112
In base 4, what is -2010103 + -322113?
-2332222
In base 6, what is 50103051115 - 4?
50103051111
In base 5, what is 2433 + 231430341?
231433324
In base 9, what is -434 - 81285?
-81730
In base 16, what is d9f7 + -9f?
d958
In base 6, what is 1304434 + -203?
1304231
In base 3, what is 111012211222212 + 21?
111012212000010
In base 10, what is -54 - 6665393?
-6665447
In base 8, what is 105065 + -43010?
42055
In base 6, what is -10 - -405102042?
405102032
In base 5, what is 23022034003 - -22?
23022034030
In base 8, what is 646220566 - -1?
646220567
In base 14, what is -7d424 - -6c1?
-7cb43
In base 12, what is -3965780 - 1?
-3965781
In base 5, what is 23 - -2032044334?
2032044412
In base 14, what is 52d - -65dab?
664da
In base 10, what is 331 + 988252?
988583
In base 6, what is 3 + -252123330?
-252123323
In base 8, what is -1522 - 5145?
-6667
In base 15, what is -b22 + -cb55?
-d777
In base 6, what is -15021 + -4205523?
-4224544
In base 16, what is d2056 + -2d?
d2029
In base 13, what is -173c824 - 39?
-173c860
In base 16, what is -1b4a02e + 18?
-1b4a016
In base 6, what is -20244 + 313202?
252514
In base 11, what is 2 + 9a57191?
9a57193
In base 14, what is -1210c2 + -54?
-121136
In base 10, what is -2 + 20441998?
20441996
In base 10, what is -12149125 + -3?
-12149128
In base 6, what is -13 - -2443015?
2443002
In base 16, what is -1 - -2916f3?
2916f2
In base 7, what is -5323 + 2210?
-3113
In base 9, what is -564 - 116557?
-117232
In base 10, what is 4 + 23018480?
23018484
In base 2, what is -10000110100101000 + -111001?
-10000110101100001
In base 12, what is 10635 - -607?
11040
In base 2, what is -1001001001000100111 - 110100?
-1001001001001011011
In base 16, what is -3 - 9adfa5?
-9adfa8
In base 10, what is -45 - 183088?
-183133
In base 7, what is 32240462 + -6?
32240453
In base 12, what is 4524603 - 1a?
45245a5
In base 13, what is 837a1 + 0?
837a1
In base 12, what is -461091 + -9?
-46109a
In base 11, what is -384477779 - 4?
-384477782
In base 3, what is 101 - 2112100112220001?
-2112100112212200
In base 13, what is 33328 - -42?
3336a
In base 3, what is 2 + -20020022221102?
-20020022221100
In base 13, what is 2 + 670837?
670839
In base 9, what is 30327 + 38418?
68746
In base 10, what is 179 + -28312?
-28133
In base 7, what is -116 + -2050444?
-2050563
In base 14, what is -1 + -54cc9bd?
-54cc9c0
In base 15, what is 932e5 - 33?
932b2
In base 11, what is 13 + -a45552?
-a4553a
In base 3, what is -12 - 220211012211121?
-220211012211210
In base 15, what is 2 + 7684344?
7684346
In base 14, what is -1 - c413c6?
-c413c7
In base 2, what is 10001000 + -1011100001101001?
-1011011111100001
In base 10, what is 997 - -118716?
119713
In base 15, what is -4 + -54a5cb5?
-54a5cb9
In base 11, what is 705632 + 1a4?
705826
In base 12, what is 16a + 151789?
151937
In base 9, what is -66051112 + -6?
-66051118
In base 8, what is 35606075 - 22?
35606053
In base 11, what is -20 + -3517a3?
-351813
In base 2, what is 110110001 - 1000001000110000?
-1000000001111111
In base 5, what is 323304 + 142131?
1020440
In base 14, what is 973a263 - 1?
973a262
In base 2, what is 111100110 + 100100001001?
101011101111
In base 3, what is 120122 + -110020002?
-102122110
In base 8, what is -26 - 160701?
-160727
In base 10, what is 44 - -495660?
495704
In base 10, what is 1193 + 65469?
66662
In base 11, what is -31945a73a - 0?
-31945a73a
In base 10, what is -22 + -4420644?
-4420666
In base 14, what is -2b + -12523b?
-125268
In base 5, what is -1 + 121431403443?
121431403442
In base 13, what is 23701429 + -5?
23701424
In base 4, what is -10330111210 + -3131?
-10330121001
In base 3, what is 11020 - -1022110012100?
1022110100120
In base 4, what is -20210330203 + 1220?
-20210322323
In base 5, what is -2030114 + -11024?
-2041143
In base 12, what is 8167b - 174?
81507
In base 10, what is 11 + -190479?
-190468
In base 8, what is 32324653 + -10?
32324643
In base 12, what is -37861620 + -3?
-37861623
In base 4, what is -10101 - -113212123?
113202022
In base 7, what is -201500 + -26?
-201526
In base 6, what is -15334 - 203055?
-222433
In base 3, what is 202 - -200012102221?
200012110200
In base 8, what is 17766 - 103137?
-63151
In base 4, what is -1210230100 + -1?
-1210230101
In base 9, what is -405 + 204208?
203703
In base 14, what is -5 + -2625140?
-2625145
In base 2, what is 1101110110010001 - -1011111111?
1110000010010000
In base 11, what is -1145846 - 4?
-114584a
In base 8, what is -5015 - -657771?
652754
In base 4, what is 1132031323302 + 11?
1132031323313
In base 9, what is 2021 - 87?
1823
In base 15, what is 1635 - 2dc?
1348
In base 12, what is 1394a37 + 4?
1394a3b
In base 3, what is -11210 - 21010022221?
-21010111201
In base 8, what is 1 - -1262173?
1262174
In base 9, what is -318 + -7374?
-7703
In base 4, what is -321023032332 + -1323?
-321023100321
In base 2, what is 1001100100000 - 10000111001100?
-111010101100
In base 10, what is 57 + -1273188?
-1273131
In base 16, what is 142297 - 14?
142283
In base 16, what is 27 + 245f1f?
245f46
In base 8, what is -155300507 - 4?
-155300513
In base 12, what is 4 + 19b1a369?
19b1a371
In base 6, what is -323501104044 - 5?
-323501104053
In base 3, what is -2201 - -22211202112220?
22211202110012
In base 11, what is -1217656 - 0?
-1217656
In base 16, what is 4 - -1fc286?
1fc28a
In base 8, what is -12560705 - 17?
-12560724
In base 9, what is -857278 - -4?
-857274
In base 7, what is 116 + 351052?
351201
In base 4, what is -202312322031 + -112?
-202312322203
In base 9, what is -44420 + -1373?
-45803
In base 6, what is 3 - 21313031252?
-21313031245
In base 13, what is -2302 + 383?
-1c4c
In base 14, what is 31 + -33ddd2?
-33dda1
In base 8, what is -177725 - -4652?
-173053
In base 11, what is 255 - 122590?
-122336
In base 9, what is -25561375 - -1?
-25561374
In base 3, what is 11020 + 2212100122200?
2212100210220
In base 2, what is -10111001110 - 10101011101111?
-11000010111101
In base 11, what is 3a07 + -2492?
1525
In base 14, what is -27114c9 - -2?
-27114c7
In base 15, what is 599493 - 4?
59948e
In base 8, what is -107 + 5342726?
5342617
In base 8, what is -127666 - 52?
-127740
In base 2, what is 1011001001000101001110111 - 100?
1011001001000101001110011
In base 5, what is 22323 + -3131?
14142
In base 14, what is 7cac + cd?
7d9b
In base 6, what is -55131442 + 334?
-55131104
In base 14, what is 1119b7 - -1?
1119b8
In base 5, what is -321213 - 1123?
-322341
In base 13, what is -18c - -a4946?
a4787
In base 14, what is 4b3 - c1a12?
-c153d
In base 15, what is 6 + b486?
b48c
In base 6, what is 214431241 - 5?
214431232
In base 10, what is 1176 - 12148?
-10972
In base 10, what is 10285087 + 3?
10285090
In base 9, what is -6 + 868683?
868676
In base 13, what is 16 - 43b6b25?
-43b6b0c
In base 3, what is 10 - -111010211100111?
111010211100121
In base 14, what is 20601d3 + 1?
20601d4
In base 5, what is 201 + 110441022?
110441223
In base 6, what is -12 - -5511411015?
5511411003
In base 13, what is -3cb8b0 + 0?
-3cb8b0
In base 12, what is b + 808b433?
808b442
In base 14, what is d5 + 41d8d4?
41d9c9
In base 5, what is 1 + -3002240320?
-3002240314
In base 16, what is a2 + 34c13?
34cb5
In base 11, what is 39a16 - 32?
39994
In base 5, what is 102 - -140414413?
140420020
In base 14, what is 198 - c429?
-c271
In base 8, what is -3 + 45652026?
45652023
In base 4, what is 2103301023 + -332?
2103300